{"id":1289,"date":"2021-06-11T05:22:03","date_gmt":"2021-06-11T05:22:03","guid":{"rendered":"https:\/\/stb.spot-line.de\/?page_id=1289"},"modified":"2024-11-09T16:29:01","modified_gmt":"2024-11-09T16:29:01","slug":"schlafgut","status":"publish","type":"page","link":"https:\/\/weingut-schneider-pfefferle.de\/index.php\/schlafgut\/","title":{"rendered":"SCHLAFGUT"},"content":{"rendered":"\t\t<div data-elementor-type=\"wp-page\" data-elementor-id=\"1289\" class=\"elementor elementor-1289\" data-elementor-post-type=\"page\">\n\t\t\t\t\t\t<section class=\"elementor-section elementor-top-section elementor-element elementor-element-7ec0396 elementor-section-height-min-height elementor-section-content-middle elementor-section-boxed elementor-section-height-default elementor-section-items-middle\" data-id=\"7ec0396\" data-element_type=\"section\" data-e-type=\"section\" data-settings=\"{&quot;background_background&quot;:&quot;classic&quot;}\">\n\t\t\t\t\t\t\t<div class=\"elementor-background-overlay\"><\/div>\n\t\t\t\t\t\t\t<div class=\"elementor-container elementor-column-gap-default\">\n\t\t\t\t\t<div class=\"elementor-column elementor-col-100 elementor-top-column elementor-element elementor-element-4a7a210b\" data-id=\"4a7a210b\" data-element_type=\"column\" data-e-type=\"column\">\n\t\t\t<div class=\"elementor-widget-wrap elementor-element-populated\">\n\t\t\t\t\t\t\t<\/div>\n\t\t<\/div>\n\t\t\t\t\t<\/div>\n\t\t<\/section>\n\t\t\t\t<section class=\"elementor-section elementor-top-section elementor-element elementor-element-2c7e950e elementor-section-content-middle elementor-section-boxed elementor-section-height-default elementor-section-height-default\" data-id=\"2c7e950e\" data-element_type=\"section\" data-e-type=\"section\">\n\t\t\t\t\t\t<div class=\"elementor-container elementor-column-gap-default\">\n\t\t\t\t\t<div class=\"elementor-column elementor-col-100 elementor-top-column elementor-element elementor-element-a33b8ae\" data-id=\"a33b8ae\" data-element_type=\"column\" data-e-type=\"column\">\n\t\t\t<div class=\"elementor-widget-wrap elementor-element-populated\">\n\t\t\t\t\t\t<div class=\"elementor-element elementor-element-50af6b3d elementor-widget elementor-widget-heading\" data-id=\"50af6b3d\" data-element_type=\"widget\" data-e-type=\"widget\" data-widget_type=\"heading.default\">\n\t\t\t\t<div class=\"elementor-widget-container\">\n\t\t\t\t\t<h2 class=\"elementor-heading-title elementor-size-large\">Urlaub auf dem Bioweingut <\/h2>\t\t\t\t<\/div>\n\t\t\t\t<\/div>\n\t\t\t\t<div class=\"elementor-element elementor-element-3476065 elementor-widget-divider--view-line elementor-widget elementor-widget-divider\" data-id=\"3476065\" data-element_type=\"widget\" data-e-type=\"widget\" data-widget_type=\"divider.default\">\n\t\t\t\t<div class=\"elementor-widget-container\">\n\t\t\t\t\t\t\t<div class=\"elementor-divider\">\n\t\t\t<span class=\"elementor-divider-separator\">\n\t\t\t\t\t\t<\/span>\n\t\t<\/div>\n\t\t\t\t\t\t<\/div>\n\t\t\t\t<\/div>\n\t\t\t\t<div class=\"elementor-element elementor-element-33eccdaf elementor-widget elementor-widget-text-editor\" data-id=\"33eccdaf\" data-element_type=\"widget\" data-e-type=\"widget\" data-widget_type=\"text-editor.default\">\n\t\t\t\t<div class=\"elementor-widget-container\">\n\t\t\t\t\t\t\t\t\t<p style=\"text-align: left;\">Bei uns k\u00f6nnen Sie Urlaub machen und sich inmitten der Natur erholen.&nbsp;<\/p>\n<p style=\"text-align: left;\">Durch unsere zentrale Lage im Dreil\u00e4ndereck bieten sich viele Ausflugsm\u00f6glichkeiten zwischen Schwarzwald, Elsass und Schweiz.&nbsp;<\/p>\n<p style=\"text-align: left;\">Ob auf der Suche nach kulturellen Veranstaltungen, Mountainbiketouren, Wanderungen, Kulinarik oder Thermalquellen, bei uns auf dem&nbsp;<span style=\"letter-spacing: 0px;\">Bioweingut Schneider-Pfefferle im Markgr\u00e4flerland sind Sie genau richtig.<\/span><\/p>\t\t\t\t\t\t\t\t<\/div>\n\t\t\t\t<\/div>\n\t\t\t\t\t<\/div>\n\t\t<\/div>\n\t\t\t\t\t<\/div>\n\t\t<\/section>\n\t\t\t\t<section class=\"elementor-section elementor-top-section elementor-element elementor-element-2155c47 elementor-section-boxed elementor-section-height-default elementor-section-height-default\" data-id=\"2155c47\" data-element_type=\"section\" data-e-type=\"section\">\n\t\t\t\t\t\t<div class=\"elementor-container elementor-column-gap-default\">\n\t\t\t\t\t<div class=\"elementor-column elementor-col-100 elementor-top-column elementor-element elementor-element-073dcd3\" data-id=\"073dcd3\" data-element_type=\"column\" data-e-type=\"column\">\n\t\t\t<div class=\"elementor-widget-wrap elementor-element-populated\">\n\t\t\t\t\t\t<section class=\"elementor-section elementor-inner-section elementor-element elementor-element-44bf6ac elementor-section-boxed elementor-section-height-default elementor-section-height-default\" data-id=\"44bf6ac\" data-element_type=\"section\" data-e-type=\"section\">\n\t\t\t\t\t\t<div class=\"elementor-container elementor-column-gap-default\">\n\t\t\t\t\t<div class=\"elementor-column elementor-col-50 elementor-inner-column elementor-element elementor-element-5beb6a3\" data-id=\"5beb6a3\" data-element_type=\"column\" data-e-type=\"column\">\n\t\t\t<div class=\"elementor-widget-wrap elementor-element-populated\">\n\t\t\t\t\t\t<div class=\"elementor-element elementor-element-b1ea74b elementor-widget elementor-widget-text-editor\" data-id=\"b1ea74b\" data-element_type=\"widget\" data-e-type=\"widget\" data-widget_type=\"text-editor.default\">\n\t\t\t\t<div class=\"elementor-widget-container\">\n\t\t\t\t\t\t\t\t\t<h2><span style=\"color: #9b9184;\">UNSERE FERIENWOHNUNGEN<\/span><\/h2>\n<p style=\"letter-spacing: normal;\"><strong>SCHWARZWALDWOHNUNG &amp;<\/strong><br><strong>VOGESENWOHNUNG<\/strong> <br>bieten jeweils Platz f\u00fcr je 2 Personen<br>mit K\u00fcchenzeile, TV, Wlan, Balkon, sowie einem Parkplatz.<\/p>\n<p style=\"letter-spacing: normal;\">Preis: EUR 60,00\/Nacht&nbsp; &nbsp; &nbsp; &nbsp; &nbsp; &nbsp; Endreinigung einmalig EUR 25,00<\/p>\t\t\t\t\t\t\t\t<\/div>\n\t\t\t\t<\/div>\n\t\t\t\t<div class=\"elementor-element elementor-element-4285418 elementor-widget elementor-widget-image\" data-id=\"4285418\" data-element_type=\"widget\" data-e-type=\"widget\" data-widget_type=\"image.default\">\n\t\t\t\t<div class=\"elementor-widget-container\">\n\t\t\t\t\t\t\t\t\t\t\t\t\t\t\t<img fetchpriority=\"high\" decoding=\"async\" width=\"750\" height=\"508\" src=\"https:\/\/weingut-schneider-pfefferle.de\/wp-content\/uploads\/2021\/07\/weingutschneider-ferienwohnung-1-1024x694.jpg\" class=\"attachment-large size-large wp-image-3512\" alt=\"\" srcset=\"https:\/\/weingut-schneider-pfefferle.de\/wp-content\/uploads\/2021\/07\/weingutschneider-ferienwohnung-1-1024x694.jpg 1024w, https:\/\/weingut-schneider-pfefferle.de\/wp-content\/uploads\/2021\/07\/weingutschneider-ferienwohnung-1-300x203.jpg 300w, https:\/\/weingut-schneider-pfefferle.de\/wp-content\/uploads\/2021\/07\/weingutschneider-ferienwohnung-1-768x520.jpg 768w, https:\/\/weingut-schneider-pfefferle.de\/wp-content\/uploads\/2021\/07\/weingutschneider-ferienwohnung-1.jpg 1500w\" sizes=\"(max-width: 750px) 100vw, 750px\" style=\"width:100%;height:67.73%;max-width:1500px\" \/>\t\t\t\t\t\t\t\t\t\t\t\t\t\t\t<\/div>\n\t\t\t\t<\/div>\n\t\t\t\t\t<\/div>\n\t\t<\/div>\n\t\t\t\t<div class=\"elementor-column elementor-col-50 elementor-inner-column elementor-element elementor-element-4f179ee\" data-id=\"4f179ee\" data-element_type=\"column\" data-e-type=\"column\">\n\t\t\t<div class=\"elementor-widget-wrap elementor-element-populated\">\n\t\t\t\t\t\t<div class=\"elementor-element elementor-element-36df823 elementor-widget elementor-widget-text-editor\" data-id=\"36df823\" data-element_type=\"widget\" data-e-type=\"widget\" data-widget_type=\"text-editor.default\">\n\t\t\t\t<div class=\"elementor-widget-container\">\n\t\t\t\t\t\t\t\t\t<h2><span style=\"color: #9b9184;\">Stellpl\u00e4tze<\/span><\/h2><p style=\"letter-spacing: normal;\">Sie m\u00f6chten uns mit dem <strong>Wohnmobil<\/strong> oder <strong>Wohnwagen<\/strong> besuchen?<\/p><p>Auf dem Bioweingut Schneider-Pfefferle stehen\u00a0 ger\u00e4umige Stellpl\u00e4tze mit wunderbarem Ausblick auf den Belchen zur Verf\u00fcgung \u2013 weitab von Hauptverkehrsstra\u00dfen.<\/p>\t\t\t\t\t\t\t\t<\/div>\n\t\t\t\t<\/div>\n\t\t\t\t<div class=\"elementor-element elementor-element-3ff88f0 elementor-widget elementor-widget-image\" data-id=\"3ff88f0\" data-element_type=\"widget\" data-e-type=\"widget\" data-widget_type=\"image.default\">\n\t\t\t\t<div class=\"elementor-widget-container\">\n\t\t\t\t\t\t\t\t\t\t\t\t\t\t\t<img decoding=\"async\" width=\"750\" height=\"508\" src=\"https:\/\/weingut-schneider-pfefferle.de\/wp-content\/uploads\/2022\/02\/weingutschneider-Wohnmobil-1024x694.jpg\" class=\"attachment-large size-large wp-image-5626\" alt=\"\" srcset=\"https:\/\/weingut-schneider-pfefferle.de\/wp-content\/uploads\/2022\/02\/weingutschneider-Wohnmobil-1024x694.jpg 1024w, https:\/\/weingut-schneider-pfefferle.de\/wp-content\/uploads\/2022\/02\/weingutschneider-Wohnmobil-300x203.jpg 300w, https:\/\/weingut-schneider-pfefferle.de\/wp-content\/uploads\/2022\/02\/weingutschneider-Wohnmobil-768x520.jpg 768w, https:\/\/weingut-schneider-pfefferle.de\/wp-content\/uploads\/2022\/02\/weingutschneider-Wohnmobil.jpg 1500w\" sizes=\"(max-width: 750px) 100vw, 750px\" style=\"width:100%;height:67.73%;max-width:1500px\" \/>\t\t\t\t\t\t\t\t\t\t\t\t\t\t\t<\/div>\n\t\t\t\t<\/div>\n\t\t\t\t\t<\/div>\n\t\t<\/div>\n\t\t\t\t\t<\/div>\n\t\t<\/section>\n\t\t\t\t\t<\/div>\n\t\t<\/div>\n\t\t\t\t\t<\/div>\n\t\t<\/section>\n\t\t\t\t<section class=\"elementor-section elementor-top-section elementor-element elementor-element-d29155f elementor-section-boxed elementor-section-height-default elementor-section-height-default\" data-id=\"d29155f\" data-element_type=\"section\" data-e-type=\"section\">\n\t\t\t\t\t\t<div class=\"elementor-container elementor-column-gap-default\">\n\t\t\t\t\t<div class=\"elementor-column elementor-col-100 elementor-top-column elementor-element elementor-element-26a7290\" data-id=\"26a7290\" data-element_type=\"column\" data-e-type=\"column\">\n\t\t\t<div class=\"elementor-widget-wrap elementor-element-populated\">\n\t\t\t\t\t\t<div class=\"elementor-element elementor-element-0a54fdf elementor-align-center elementor-widget elementor-widget-button\" data-id=\"0a54fdf\" data-element_type=\"widget\" data-e-type=\"widget\" data-widget_type=\"button.default\">\n\t\t\t\t<div class=\"elementor-widget-container\">\n\t\t\t\t\t\t\t\t\t<div class=\"elementor-button-wrapper\">\n\t\t\t\t\t<a class=\"elementor-button elementor-button-link elementor-size-md\" href=\"https:\/\/weingut-schneider-pfefferle.de\/index.php\/weingut-schneider-pfefferle-buchung\/\" target=\"_blank\">\n\t\t\t\t\t\t<span class=\"elementor-button-content-wrapper\">\n\t\t\t\t\t\t\t\t\t<span class=\"elementor-button-text\">BUCHUNGSANFRAGE<\/span>\n\t\t\t\t\t<\/span>\n\t\t\t\t\t<\/a>\n\t\t\t\t<\/div>\n\t\t\t\t\t\t\t\t<\/div>\n\t\t\t\t<\/div>\n\t\t\t\t\t<\/div>\n\t\t<\/div>\n\t\t\t\t\t<\/div>\n\t\t<\/section>\n\t\t\t\t<\/div>\n\t\t","protected":false},"excerpt":{"rendered":"<p>Urlaub auf dem Bioweingut Bei uns k\u00f6nnen Sie Urlaub machen und sich inmitten der Natur erholen.&nbsp; Durch unsere zentrale Lage im Dreil\u00e4ndereck bieten sich viele Ausflugsm\u00f6glichkeiten zwischen Schwarzwald, Elsass und Schweiz.&nbsp; Ob auf der Suche nach kulturellen Veranstaltungen, Mountainbiketouren, Wanderungen, Kulinarik oder Thermalquellen, bei uns auf dem&nbsp;Bioweingut Schneider-Pfefferle im Markgr\u00e4flerland sind Sie genau richtig. UNSERE&hellip; <a class=\"more-link\" href=\"https:\/\/weingut-schneider-pfefferle.de\/index.php\/schlafgut\/\"><span class=\"screen-reader-text\">SCHLAFGUT<\/span> weiterlesen<\/a><\/p>\n","protected":false},"author":4,"featured_media":0,"parent":0,"menu_order":0,"comment_status":"closed","ping_status":"closed","template":"","meta":{"footnotes":""},"class_list":["post-1289","page","type-page","status-publish","hentry","entry"],"yoast_head":"<!-- This site is optimized with the Yoast SEO plugin v27.6 - https:\/\/yoast.com\/product\/yoast-seo-wordpress\/ -->\n<title>SCHLAFGUT - Schneider-Pfefferle<\/title>\n<meta name=\"description\" content=\"URLAUB AUF DEM BIOWEINGUT - inmitten der Natur. Zentral im Dreil\u00e4ndereck mit Ausflugsm\u00f6glichkeiten in Schwarzwald, Elsass und Schweiz.\" \/>\n<meta name=\"robots\" content=\"index, follow, max-snippet:-1, max-image-preview:large, max-video-preview:-1\" \/>\n<link rel=\"canonical\" href=\"https:\/\/weingut-schneider-pfefferle.de\/index.php\/schlafgut\/\" \/>\n<meta property=\"og:locale\" content=\"de_DE\" \/>\n<meta property=\"og:type\" content=\"article\" \/>\n<meta property=\"og:title\" content=\"SCHLAFGUT - Schneider-Pfefferle\" \/>\n<meta property=\"og:description\" content=\"URLAUB AUF DEM BIOWEINGUT - inmitten der Natur. Zentral im Dreil\u00e4ndereck mit Ausflugsm\u00f6glichkeiten in Schwarzwald, Elsass und Schweiz.\" \/>\n<meta property=\"og:url\" content=\"https:\/\/weingut-schneider-pfefferle.de\/index.php\/schlafgut\/\" \/>\n<meta property=\"og:site_name\" content=\"Schneider-Pfefferle\" \/>\n<meta property=\"article:modified_time\" content=\"2024-11-09T16:29:01+00:00\" \/>\n<meta property=\"og:image\" content=\"https:\/\/weingut-schneider-pfefferle.de\/wp-content\/uploads\/2021\/07\/weingutschneider-ferienwohnung-1-768x520.jpg\" \/>\n\t<meta property=\"og:image:width\" content=\"768\" \/>\n\t<meta property=\"og:image:height\" content=\"520\" \/>\n\t<meta property=\"og:image:type\" content=\"image\/jpeg\" \/>\n<meta name=\"twitter:card\" content=\"summary_large_image\" \/>\n<meta name=\"twitter:label1\" content=\"Gesch\u00e4tzte Lesezeit\" \/>\n\t<meta name=\"twitter:data1\" content=\"2\u00a0Minuten\" \/>\n<script type=\"application\/ld+json\" class=\"yoast-schema-graph\">{\"@context\":\"https:\\\/\\\/schema.org\",\"@graph\":[{\"@type\":\"WebPage\",\"@id\":\"https:\\\/\\\/weingut-schneider-pfefferle.de\\\/index.php\\\/schlafgut\\\/\",\"url\":\"https:\\\/\\\/weingut-schneider-pfefferle.de\\\/index.php\\\/schlafgut\\\/\",\"name\":\"SCHLAFGUT - Schneider-Pfefferle\",\"isPartOf\":{\"@id\":\"https:\\\/\\\/weingut-schneider-pfefferle.de\\\/#website\"},\"primaryImageOfPage\":{\"@id\":\"https:\\\/\\\/weingut-schneider-pfefferle.de\\\/index.php\\\/schlafgut\\\/#primaryimage\"},\"image\":{\"@id\":\"https:\\\/\\\/weingut-schneider-pfefferle.de\\\/index.php\\\/schlafgut\\\/#primaryimage\"},\"thumbnailUrl\":\"https:\\\/\\\/weingut-schneider-pfefferle.de\\\/wp-content\\\/uploads\\\/2021\\\/07\\\/weingutschneider-ferienwohnung-1-1024x694.jpg\",\"datePublished\":\"2021-06-11T05:22:03+00:00\",\"dateModified\":\"2024-11-09T16:29:01+00:00\",\"description\":\"URLAUB AUF DEM BIOWEINGUT - inmitten der Natur. Zentral im Dreil\u00e4ndereck mit Ausflugsm\u00f6glichkeiten in Schwarzwald, Elsass und Schweiz.\",\"breadcrumb\":{\"@id\":\"https:\\\/\\\/weingut-schneider-pfefferle.de\\\/index.php\\\/schlafgut\\\/#breadcrumb\"},\"inLanguage\":\"de\",\"potentialAction\":[{\"@type\":\"ReadAction\",\"target\":[\"https:\\\/\\\/weingut-schneider-pfefferle.de\\\/index.php\\\/schlafgut\\\/\"]}]},{\"@type\":\"ImageObject\",\"inLanguage\":\"de\",\"@id\":\"https:\\\/\\\/weingut-schneider-pfefferle.de\\\/index.php\\\/schlafgut\\\/#primaryimage\",\"url\":\"https:\\\/\\\/weingut-schneider-pfefferle.de\\\/wp-content\\\/uploads\\\/2021\\\/07\\\/weingutschneider-ferienwohnung-1.jpg\",\"contentUrl\":\"https:\\\/\\\/weingut-schneider-pfefferle.de\\\/wp-content\\\/uploads\\\/2021\\\/07\\\/weingutschneider-ferienwohnung-1.jpg\",\"width\":1500,\"height\":1016},{\"@type\":\"BreadcrumbList\",\"@id\":\"https:\\\/\\\/weingut-schneider-pfefferle.de\\\/index.php\\\/schlafgut\\\/#breadcrumb\",\"itemListElement\":[{\"@type\":\"ListItem\",\"position\":1,\"name\":\"Startseite\",\"item\":\"https:\\\/\\\/weingut-schneider-pfefferle.de\\\/\"},{\"@type\":\"ListItem\",\"position\":2,\"name\":\"SCHLAFGUT\"}]},{\"@type\":\"WebSite\",\"@id\":\"https:\\\/\\\/weingut-schneider-pfefferle.de\\\/#website\",\"url\":\"https:\\\/\\\/weingut-schneider-pfefferle.de\\\/\",\"name\":\"Schneider-Pfefferle\",\"description\":\"STRAUSSI UND BIOWEINGUT\",\"publisher\":{\"@id\":\"https:\\\/\\\/weingut-schneider-pfefferle.de\\\/#organization\"},\"potentialAction\":[{\"@type\":\"SearchAction\",\"target\":{\"@type\":\"EntryPoint\",\"urlTemplate\":\"https:\\\/\\\/weingut-schneider-pfefferle.de\\\/?s={search_term_string}\"},\"query-input\":{\"@type\":\"PropertyValueSpecification\",\"valueRequired\":true,\"valueName\":\"search_term_string\"}}],\"inLanguage\":\"de\"},{\"@type\":\"Organization\",\"@id\":\"https:\\\/\\\/weingut-schneider-pfefferle.de\\\/#organization\",\"name\":\"SCHNEIDER-PFEFFERLE STRAUSSI & BIOWEINGUT\",\"url\":\"https:\\\/\\\/weingut-schneider-pfefferle.de\\\/\",\"logo\":{\"@type\":\"ImageObject\",\"inLanguage\":\"de\",\"@id\":\"https:\\\/\\\/weingut-schneider-pfefferle.de\\\/#\\\/schema\\\/logo\\\/image\\\/\",\"url\":\"https:\\\/\\\/weingut-schneider-pfefferle.de\\\/wp-content\\\/uploads\\\/2021\\\/11\\\/WEINGUT-SCHNEIDER-PFEFFERLE.png\",\"contentUrl\":\"https:\\\/\\\/weingut-schneider-pfefferle.de\\\/wp-content\\\/uploads\\\/2021\\\/11\\\/WEINGUT-SCHNEIDER-PFEFFERLE.png\",\"width\":2000,\"height\":491,\"caption\":\"SCHNEIDER-PFEFFERLE STRAUSSI & BIOWEINGUT\"},\"image\":{\"@id\":\"https:\\\/\\\/weingut-schneider-pfefferle.de\\\/#\\\/schema\\\/logo\\\/image\\\/\"},\"sameAs\":[\"https:\\\/\\\/www.instagram.com\\\/explore\\\/locations\\\/124554834614897\\\/schneiders-straui-weingut-schneider-pfefferle\\\/\"]}]}<\/script>\n<!-- \/ Yoast SEO plugin. -->","yoast_head_json":{"title":"SCHLAFGUT - Schneider-Pfefferle","description":"URLAUB AUF DEM BIOWEINGUT - inmitten der Natur. Zentral im Dreil\u00e4ndereck mit Ausflugsm\u00f6glichkeiten in Schwarzwald, Elsass und Schweiz.","robots":{"index":"index","follow":"follow","max-snippet":"max-snippet:-1","max-image-preview":"max-image-preview:large","max-video-preview":"max-video-preview:-1"},"canonical":"https:\/\/weingut-schneider-pfefferle.de\/index.php\/schlafgut\/","og_locale":"de_DE","og_type":"article","og_title":"SCHLAFGUT - Schneider-Pfefferle","og_description":"URLAUB AUF DEM BIOWEINGUT - inmitten der Natur. Zentral im Dreil\u00e4ndereck mit Ausflugsm\u00f6glichkeiten in Schwarzwald, Elsass und Schweiz.","og_url":"https:\/\/weingut-schneider-pfefferle.de\/index.php\/schlafgut\/","og_site_name":"Schneider-Pfefferle","article_modified_time":"2024-11-09T16:29:01+00:00","og_image":[{"width":768,"height":520,"url":"https:\/\/weingut-schneider-pfefferle.de\/wp-content\/uploads\/2021\/07\/weingutschneider-ferienwohnung-1-768x520.jpg","type":"image\/jpeg"}],"twitter_card":"summary_large_image","twitter_misc":{"Gesch\u00e4tzte Lesezeit":"2\u00a0Minuten"},"schema":{"@context":"https:\/\/schema.org","@graph":[{"@type":"WebPage","@id":"https:\/\/weingut-schneider-pfefferle.de\/index.php\/schlafgut\/","url":"https:\/\/weingut-schneider-pfefferle.de\/index.php\/schlafgut\/","name":"SCHLAFGUT - Schneider-Pfefferle","isPartOf":{"@id":"https:\/\/weingut-schneider-pfefferle.de\/#website"},"primaryImageOfPage":{"@id":"https:\/\/weingut-schneider-pfefferle.de\/index.php\/schlafgut\/#primaryimage"},"image":{"@id":"https:\/\/weingut-schneider-pfefferle.de\/index.php\/schlafgut\/#primaryimage"},"thumbnailUrl":"https:\/\/weingut-schneider-pfefferle.de\/wp-content\/uploads\/2021\/07\/weingutschneider-ferienwohnung-1-1024x694.jpg","datePublished":"2021-06-11T05:22:03+00:00","dateModified":"2024-11-09T16:29:01+00:00","description":"URLAUB AUF DEM BIOWEINGUT - inmitten der Natur. Zentral im Dreil\u00e4ndereck mit Ausflugsm\u00f6glichkeiten in Schwarzwald, Elsass und Schweiz.","breadcrumb":{"@id":"https:\/\/weingut-schneider-pfefferle.de\/index.php\/schlafgut\/#breadcrumb"},"inLanguage":"de","potentialAction":[{"@type":"ReadAction","target":["https:\/\/weingut-schneider-pfefferle.de\/index.php\/schlafgut\/"]}]},{"@type":"ImageObject","inLanguage":"de","@id":"https:\/\/weingut-schneider-pfefferle.de\/index.php\/schlafgut\/#primaryimage","url":"https:\/\/weingut-schneider-pfefferle.de\/wp-content\/uploads\/2021\/07\/weingutschneider-ferienwohnung-1.jpg","contentUrl":"https:\/\/weingut-schneider-pfefferle.de\/wp-content\/uploads\/2021\/07\/weingutschneider-ferienwohnung-1.jpg","width":1500,"height":1016},{"@type":"BreadcrumbList","@id":"https:\/\/weingut-schneider-pfefferle.de\/index.php\/schlafgut\/#breadcrumb","itemListElement":[{"@type":"ListItem","position":1,"name":"Startseite","item":"https:\/\/weingut-schneider-pfefferle.de\/"},{"@type":"ListItem","position":2,"name":"SCHLAFGUT"}]},{"@type":"WebSite","@id":"https:\/\/weingut-schneider-pfefferle.de\/#website","url":"https:\/\/weingut-schneider-pfefferle.de\/","name":"Schneider-Pfefferle","description":"STRAUSSI UND BIOWEINGUT","publisher":{"@id":"https:\/\/weingut-schneider-pfefferle.de\/#organization"},"potentialAction":[{"@type":"SearchAction","target":{"@type":"EntryPoint","urlTemplate":"https:\/\/weingut-schneider-pfefferle.de\/?s={search_term_string}"},"query-input":{"@type":"PropertyValueSpecification","valueRequired":true,"valueName":"search_term_string"}}],"inLanguage":"de"},{"@type":"Organization","@id":"https:\/\/weingut-schneider-pfefferle.de\/#organization","name":"SCHNEIDER-PFEFFERLE STRAUSSI & BIOWEINGUT","url":"https:\/\/weingut-schneider-pfefferle.de\/","logo":{"@type":"ImageObject","inLanguage":"de","@id":"https:\/\/weingut-schneider-pfefferle.de\/#\/schema\/logo\/image\/","url":"https:\/\/weingut-schneider-pfefferle.de\/wp-content\/uploads\/2021\/11\/WEINGUT-SCHNEIDER-PFEFFERLE.png","contentUrl":"https:\/\/weingut-schneider-pfefferle.de\/wp-content\/uploads\/2021\/11\/WEINGUT-SCHNEIDER-PFEFFERLE.png","width":2000,"height":491,"caption":"SCHNEIDER-PFEFFERLE STRAUSSI & BIOWEINGUT"},"image":{"@id":"https:\/\/weingut-schneider-pfefferle.de\/#\/schema\/logo\/image\/"},"sameAs":["https:\/\/www.instagram.com\/explore\/locations\/124554834614897\/schneiders-straui-weingut-schneider-pfefferle\/"]}]}},"_links":{"self":[{"href":"https:\/\/weingut-schneider-pfefferle.de\/index.php\/wp-json\/wp\/v2\/pages\/1289","targetHints":{"allow":["GET"]}}],"collection":[{"href":"https:\/\/weingut-schneider-pfefferle.de\/index.php\/wp-json\/wp\/v2\/pages"}],"about":[{"href":"https:\/\/weingut-schneider-pfefferle.de\/index.php\/wp-json\/wp\/v2\/types\/page"}],"author":[{"embeddable":true,"href":"https:\/\/weingut-schneider-pfefferle.de\/index.php\/wp-json\/wp\/v2\/users\/4"}],"replies":[{"embeddable":true,"href":"https:\/\/weingut-schneider-pfefferle.de\/index.php\/wp-json\/wp\/v2\/comments?post=1289"}],"version-history":[{"count":136,"href":"https:\/\/weingut-schneider-pfefferle.de\/index.php\/wp-json\/wp\/v2\/pages\/1289\/revisions"}],"predecessor-version":[{"id":6590,"href":"https:\/\/weingut-schneider-pfefferle.de\/index.php\/wp-json\/wp\/v2\/pages\/1289\/revisions\/6590"}],"wp:attachment":[{"href":"https:\/\/weingut-schneider-pfefferle.de\/index.php\/wp-json\/wp\/v2\/media?parent=1289"}],"curies":[{"name":"wp","href":"https:\/\/api.w.org\/{rel}","templated":true}]}}